4*k + 5885 + 37361. What is the hundreds digit of k?
8
Suppose -i = -4*c + 216479, 572*i + 9 = 569*i. What is the hundreds digit of c?
1
Suppose -4*l + 181880 = 4*o, -l + 30723 = 3*o - 14761. What is the hundreds digit of l?
4
Let q = -282 - -285. Suppose -12*a + 10*a - 5*i + 1689 = 0, 0 = -q*a + 4*i + 2476. What is the units digit of a?
2
Let g be 5/1*22/55. Suppose 2 = -g*r, -7*t + 6*t = r - 1056. What is the tens digit of t?
5
Let f(j) = -j - 4. Let y be f(-4). Suppose y*a + 5*a = 0. Suppose a = -2*t - 2*t + 324. What is the units digit of t?
1
Let h(a) = -111*a - 1 + 196*a - 105*a. Let g be h(3). Let b = 84 + g. What is the tens digit of b?
2
Let t(o) = 5*o + 12 + 24*o**2 - 9*o - 9 + 4*o. Let x = -9 - -7. What is the units digit of t(x)?
9
Suppose 3*d = 5*f + 18426, -135*f - 30784 = -5*d - 139*f. What is the units digit of d?
2
Let f(m) = 9976*m - 365. What is the thousands digit of f(1)?
9
Suppose 3312*i - 3326*i + 59738 = 0. What is the units digit of i?
7
Suppose -515*p + 513*p = -5958. What is the units digit of p?
9
Suppose -200*a + 361568 = -159*a - 154417. What is the hundreds digit of a?
5
What is the thousands digit of (-6934)/4*(-19 - -7 - -6)?
0
What is the units digit of 4381 - -40*32/(-80)?
5
Let g be 8800/9 - (-11 + (-1455)/(-135)). Suppose 20*o - g = 18*o. What is the units digit of o?
9
Suppose 14299 = -x + 6*x + 1584. What is the units digit of x?
3
Suppose 141 + 87 = -6*n. Let u be 1944/30 - 2/(-10). Let b = n + u. What is the units digit of b?
7
Let v(p) = 43*p**3 + p**2 - 3*p + 2. Let r be v(2). Suppose 3*d = 5*d - r. Suppose -1005 = -5*x - 2*m, -x - 4*m = -d - 11. What is the tens digit of x?
0
Let y(n) = 2*n**2 - 8*n + 6. Let s be y(8). Let d be s/(-6) - 2/6. What is the tens digit of (-83)/(3*4/d)?
8
Let c = -251 - -554. Let m = c - -148. What is the units digit of m?
1
Let u(w) be the second derivative of 71*w**4/4 - w**3/6 + 22*w. Let m be u(-1). Let z = m - 120. What is the units digit of z?
4
Let j = 91 - 84. Let v(y) = 4*y + j*y**2 - 13*y + 2*y**2 - y**3 - 6 + 0*y**3. What is the tens digit of v(7)?
2
Let k(c) = 591*c**2 - 628*c + 17. What is the ten thousands digit of k(8)?
3
Let b = 12683 + 7467. What is the hundreds digit of b?
1
What is the tens digit of (-1358771)/(-322) + 9/42?
2
What is the thousands digit of 232352/58 + (-124)/1798?
4
Suppose 406*t + 208680 = 204*t + 214*t. What is the hundreds digit of t?
3
Suppose 0 = 21*s + 40*s - 1811883. What is the ten thousands digit of s?
2
Let p(r) = 18*r**3 + r**2 - 17*r - 3. What is the hundreds digit of p(7)?
1
Let i(b) be the third derivative of -b**5/20 + b**4/2 + b**3/3 + 5*b**2. Let l be i(4). Suppose -l*w = w + 9, 0 = 4*x + w - 445. What is the tens digit of x?
1
Suppose 3*r + 63412 = 5*t, 4*t = -r + 23281 + 27435. What is the ten thousands digit of t?
1
Let t = 170 + -166. What is the units digit of 143044/308 - t/(-7)?
5
Suppose -5*p - 411 = -2*o, o = 3*p + 149 + 97. Let d = p - -75. What is the units digit of ((-2)/4*-2)/(d/(-516))?
6
Let v(u) = -19*u + 118. Let m be v(6). Suppose -m*z - 924 = -8*z. What is the units digit of z?
1
Suppose -40 = 3*h + 8. What is the tens digit of 6/h - 13975/(-40)?
4
Suppose 0 = -1567*p + 1491*p + 2143276. What is the hundreds digit of p?
2
Let v(p) = -10*p - 42 - 11*p - 13*p + 2*p**2 + 15*p. What is the hundreds digit of v(21)?
4
Suppose 27261888 = 275*h + 70*h + 83*h. What is the tens digit of h?
9
Let t = -454 - -502. Suppose 46*i - t*i + 284 = 0. What is the tens digit of i?
4
Let q = 18 + -2. Suppose -i + 5*i + 2*l + q = 0, -4*i = -3*l - 4. What is the units digit of (i + 1)/((-4)/12) + 15?
8
Let f(c) = -9 + 25*c**2 - c**2 - 2*c**2 - 10*c**2 + 48*c - 7*c**2. What is the tens digit of f(-20)?
3
What is the hundreds digit of 258/(3*(-3)/(-9))*10/20?
1
Let k = 28730 + -3718. What is the units digit of k?
2
Suppose 7*f = 8902 + 2690. Suppose 6*k - f - 696 = 0. What is the hundreds digit of k?
3
Let l = 1840 - 600. Suppose 0 = -268*b + 264*b + l. What is the units digit of b?
0
Let a(q) = 20 - 602*q + 37 + 31 - 71. What is the tens digit of a(-1)?
1
Suppose 4*b + 2*b = -24. What is the tens digit of (-8)/32 + (-729)/b?
8
Suppose 0 = y + 4*u - 2, 2*u + 59 = 4*y + 15. Suppose -10*f = y*f - 12340. What is the units digit of f?
7
What is the units digit of ((-192)/(-10))/((-17706)/(-1040) + -17)?
8
Let r = -15810 + 33116. What is the thousands digit of r?
7
What is the units digit of ((-52)/(-16))/(48875/(-97784) + 5/10)?
4
Let h = -489 + 3582. What is the units digit of h?
3
Let p(x) = -52*x + 187. Let w(k) = -k**3 - 7*k**2 - 10*k - 13. Let i be w(-4). What is the units digit of p(i)?
9
Let s = 33 + -30. Suppose 47 = s*d - 13. What is the units digit of ((-15)/d)/((-3)/(76*9))?
1
Let h = -4 - 0. Let a(g) = -12*g + 29. What is the tens digit of a(h)?
7
Suppose 103*p = 2*z + 101*p - 6088, -4*z = -3*p - 12177. What is the thousands digit of z?
3
Suppose -s - o = -196, o = 8*s - 6*s - 392. Let q = s + -55. What is the units digit of q?
1
Let v(m) = -m**3 + 2*m. Let o be v(-2). Suppose -j + 5*p + 20 = -61, -6*j + 561 = -5*p. Suppose o*c + 7 = -13, 3*z + 3*c - j = 0. What is the units digit of z?
7
Let i(l) = 3*l**3 - 7*l**2 + 4*l - 22. Let t be i(7). Let h = 1173 - t. What is the units digit of h?
1
Suppose 0 = -2*p - 2*p + 4. Let f(x) = 364*x - 11. What is the hundreds digit of f(p)?
3
Let f(q) = -q**3 + 7*q**2 + 8*q + 2. Let b be f(8). Suppose 3*i - 1363 = w + 767, 0 = 5*i - 2*w - 3548. What is the units digit of i*b/20 - 8/(-10)?
2
Suppose -3*c - 1437 = -3*q, -5*c - 1913 = -3*q - q. Let i = q - 89. What is the units digit of i?
3
Let x(i) = 27*i**3 - 19*i**2 + 5*i + 137. What is the ten thousands digit of x(10)?
2
Let z be (-12456)/30 + (-12)/15. Let k = z + 710. What is the units digit of k?
4
Suppose 53*u - 2225379 = -91*u - 92595. What is the thousands digit of u?
4
Let f(c) = 2*c**2 - 4*c - 4. Let q be f(6). Suppose -2 + 20 = -2*p - b, -5*p = 2*b + q. Let d(l) = 2*l**2 + 7*l - 6. What is the tens digit of d(p)?
6
Let i(y) = 3*y**3 - 33*y**2 + 14*y + 20. Let r(f) = f**3 - 10*f**2 - 7*f - 31. Let m be r(11). What is the tens digit of i(m)?
1
What is the thousands digit of (20/((-220)/26653))/(-1)?
2
Let p be ((-102)/(-5))/(14/630*-3). Let f = 1717 - p. What is the units digit of f?
3
Suppose 2*d - 11*d + 45 = 0. Suppose -d*q + 8*q + 4*w - 1000 = 0, 4*q - 1352 = 4*w. What is the hundreds digit of q?
3
Let i = -504 + -114. Let f = i + 2276. What is the tens digit of f?
5
Let z = 41 - 20. Suppose -z - 3 = 4*d. What is the units digit of 1 - 1 - (-80 - d)?
4
Let n(f) = 640*f - 1389. What is the ten thousands digit of n(50)?
3
Let z = 53073 + -26635. What is the units digit of z?
8
Suppose -84*i = -262*i + 280706. What is the hundreds digit of i?
5
Suppose 48*i - 241021 - 50627 = 0. What is the thousands digit of i?
6
Let o = -45 + 45. Let f(s) = 10 - 8 + o + 63*s. What is the tens digit of f(1)?
6
Let y be (-14)/(-35)*-1 + (-442)/(-5). Let m = 80 + y. Suppose 62*s = 60*s + m. What is the tens digit of s?
8
Let j(r) = r**3 - 2*r - 30. Let p be j(0). Let f(v) = v**2 + 9*v - 40. What is the hundreds digit of f(p)?
5
Let o(h) = 30*h**2 - 267*h - 131. What is the units digit of o(46)?
7
Let c(n) = 577*n - 3520. What is the hundreds digit of c(9)?
6
Let k(o) = -27*o + 82 - 95*o + 22 - 32*o - 7*o. What is the units digit of k(-4)?
8
Suppose 4*z + 94*y = 96*y + 54, 0 = 3*y - 21. What is the tens digit of z?
1
What is the thousands digit of 10606/4 - 3 - (989/46 - 19)?
2
Let h = 3 - -20. Let y = -18 + h. Suppose 4*l + 2*u = 208, u - 6*u - 275 = -y*l. What is the units digit of l?
3
Let l = 40 - 121. Let w = 396 + l. What is the tens digit of w?
1
Let u(o) = -o**3 - 13*o**2 + 28*o - 26. Let x be u(-15). Suppose 18*j + x*j = 27764. What is the units digit of j?
2
Suppose -2*f - 27*c = -28*c - 4, -5*f - 5*c = 20. Suppose 0 = -5*h + m + 2554 + 123, 5*m + 10 = f. What is the tens digit of h?
3
Let d be (1 + -12)*-2*(-215)/(-10). Let f = d + -270. What is the tens digit of f?
0
Suppose 0*b + 3*b = 12, 2*b + 52 = 5*d. Let u be 3*(-4)/d*-66. Let w = 135 - u. What is the units digit of w?
9
Suppose 6*q - 8*q + 0*q = 0. Suppose q = -13*c + 24*c - 7975. What is the tens digit of c?
2
Let j(x) = 12 + 4*x**3 + 17*x**3 + 10*x - 5*x**2 - 24*x**